*y**5 + 6*y**2 - 5/6*y**3 - 5/24*y**4 + 0*y. Give l(5).
-5
Let p(y) = y**2 - y. Suppose 3*o + 0 = 3*j + 12, 0 = -3*o + 12. Let d = -2 - j. Let i be 5/d - 1/(-2). Determine p(i).
6
Let h(d) = -d**2 - 4*d. Let k be h(-5). Let a(r) = -r**2 - 9*r - 5. Give a(k).
15
Suppose 0 + 16 = 4*t. Suppose -x = 3, -t*x - 20 = l - 3*l. Suppose 0 = -5*n + 3*n - l. Let u(d) = -d - 1. What is u(n)?
1
Let n(u) = u**2 + 5*u + 2. Let h be n(-6). Let p(b) = -6 + h + 4 + b. What is p(-3)?
3
Let v(n) = 2*n + 0*n**3 - 2*n**2 + 8*n**2 + n**3 + 3 + 3*n. Let p be v(-5). Let d(g) = -g**3 + 4*g**2 - 5*g + 2. Calculate d(p).
-4
Suppose 35 = 5*c - 5*q, 3 = 3*c + 5*q - 2. Let d(k) = -1 + c + k - 2. Give d(-2).
0
Let t(q) = q**2 - 3*q - 1. Suppose 0 = -5*b + 1 + 14, 2*n - 5*b - 35 = 0. Suppose n = p + 4*p. What is t(p)?
9
Suppose -2*q + 0 = 4. Let x(y) be the second derivative of y**4/12 + y**3/3 - y**2/2 - 7*y. Determine x(q).
-1
Let n be (24/(-7))/((-6)/63). Suppose 0 = 2*x + 2*x - 5*o + n, -4 = -4*x - 5*o. Let t(h) = -h**3 - 5*h**2 - h + 1. Give t(x).
-11
Let c(d) be the first derivative of -4*d**3/3 + 7*d**2 + 3*d + 1. Let v(f) = f**2 - 5*f - 1. Let b(n) = -6*c(n) - 17*v(n). What is b(1)?
7
Suppose -4 = -3*t + 5*y, 5*y + 0*y = 5. Let x(u) = 41*u**t + 0*u - 7 + 12*u**2 - 42*u**3 - 5*u**2 + u. Determine x(7).
0
Let v(r) be the third derivative of r**5/60 - 7*r**4/24 - 5*r**3/6 + 9*r**2. Determine v(7).
-5
Let s(g) = g**3 - 5*g**2 - 4*g - 5. Let f be -1 - 14*4/(-8). Give s(f).
7
Suppose -5*u + 4 - 24 = 0. Let o = 5 + u. Let m(y) be the second derivative of y**5/20 + y**4/12 + y**3/6 - y**2/2 + y. Give m(o).
2
Suppose -4*t + 0 - 32 = -5*h, t + 8 = 5*h. Let f(p) be the third derivative of p**4/24 + 3*p**3/2 - p**2 - 13. Give f(t).
1
Suppose 0 = -5*a + 17 + 3. Suppose 9*i + 25 = a*i, 2*x = i + 9. Let n(p) = x*p + 4 + 7 - 5 - 3*p. Calculate n(5).
1
Let u(r) = 42*r - 1 - 19*r - 26*r. Calculate u(3).
-10
Let k be (-1*1 - 2)/(-1). Suppose 0 = -3*h + 13 - 4. Let q(s) = -3*s + h*s**2 + s**3 - 6*s**2 + 4 + s**2. What is q(k)?
4
Suppose 5*o = -3*v - 5, -2 = -5*o + 5*v + 33. Let z(p) = -7*p + 0*p + 4*p + 3. Give z(o).
-3
Let j(w) be the first derivative of -w**5/40 + w**4/6 + 5*w**3/3 - 4. Let y(h) be the third derivative of j(h). What is y(3)?
-5
Let d = -3 + 5. Let b = 5 + -2. Let z be 0 + 10/d - b. Let p(x) = x**3 - 2*x**2 - 2*x + 3. Calculate p(z).
-1
Let x(l) = l**3 - 5*l**2 + l - 3. Suppose 0 = -0*m - 5*m + 125. Suppose m = d + 4*d. What is x(d)?
2
Let i(r) = r**2 + r + 1. Let p(u) = 7*u**2 + 6*u + 4. Let b(c) = -6*i(c) + p(c). Let s(a) = -a**2 + 14*a - 21. Let t be s(12). Determine b(t).
7
Suppose -7 = -4*n + 89. Let q(w) = -2*w - 2. Let d be q(-3). Suppose 0 = -d*i - n. Let t(r) = -r**2 - 6*r + 6. Give t(i).
6
Suppose -2*s + 5*h - 31 = 0, -4*s - s - 3*h - 31 = 0. Let k = s + 10. Let f(x) = -2*x + 3. Determine f(k).
-1
Suppose 0 = 2*p + p. Let j = 11 + -10. Let u(x) = -7 + 0*x + j + x. Determine u(p).
-6
Let p(h) be the second derivative of h**6/120 - h**5/12 - h**3/3 + 5*h**2/2 - 3*h. Let n(d) be the first derivative of p(d). Calculate n(5).
-2
Let f(u) = -u**3 - 6*u**2 - 2*u - 6. Suppose -12 = 2*q - 4*m, 2*m - m + 24 = -4*q. Calculate f(q).
6
Let n(p) = 7*p**2 - 1. Let s be (-2)/(-4) - 175/(-10). Let d = s + -19. Determine n(d).
6
Let p = 4 - -6. Let d = p + -5. Let o(s) = -s**3 + 6*s**2 - 4*s. Calculate o(d).
5
Suppose 7 = -3*c - 2*t, -t = 5*c - 6 + 13. Let o be (-1 + (-1)/c)*-1. Let y(z) = o + z - 3 - 1. What is y(4)?
0
Let n(y) = 4*y**3 + 5*y**2 - 4*y + 23. Let j(s) = s**3 + s**2 - s + 6. Suppose 2*k + 0*k + 18 = 0. Let g(v) = k*j(v) + 2*n(v). What is g(0)?
-8
Let i(f) = -f**3 + f**2 + f + 3. Let o = 8 + -8. Calculate i(o).
3
Let i(g) = 4*g**3 - 2*g**2 - g. Suppose 2*n + 12 = -5*p, -2*n - 11 + 3 = 3*p. Determine i(n).
-5
Let g(w) be the first derivative of -3*w**2/2 + 2*w - 1. Let o be 50/14 - (-8 - 477/(-63)). Give g(o).
-10
Let f(o) = 3*o**3 - 2*o**2 + 1. Suppose 26*r - 11*r = -15. Calculate f(r).
-4
Let q be 24/2*(-2)/(-4). Let s(x) = x**3 - 7*x**2 + 6*x - 2. Determine s(q).
-2
Let i be 0 + 6/(-2) + 6. Let d(x) = -x**2 + 0*x**2 + 2*x**2 - 2*x. What is d(i)?
3
Let k be (-76)/(-13) + 38/247. Let g(t) = -t**2 + 6*t + 3. Calculate g(k).
3
Let i(v) be the third derivative of v**2 - 1/3*v**3 + 0*v + 1/120*v**6 + 0 - 1/15*v**5 + 1/12*v**4. Let z = -1 + 4. Calculate i(z).
-5
Let n(s) be the first derivative of s**2/2 - 5*s + 8. Suppose 4*q - 4 = o - 0*o, -14 = -3*o - q. Give n(o).
-1
Suppose -2*n + r + r = 4, 8 = -2*n + 3*r. Suppose 3*q = -n*q. Suppose q = -2*h - h. Let b(j) = j**3 - j**2 + j - 7. Give b(h).
-7
Let l(t) = -t**2 + 4*t + 4. Let c be l(5). Let y(u) = -u - 4. Let q(f) = -f**2 - 2*f - 7. Suppose 6 = -4*k - 6. Let n(p) = k*q(p) + 5*y(p). Give n(c).
3
Suppose 5*j + 32 = 3*a - 8, -2*a + 25 = -3*j. Let r(b) be the third derivative of 0*b + 0 - 1/24*b**4 - 2*b**2 + 7/6*b**3. Calculate r(a).
2
Let t(m) = -3*m**3 + 8*m**2 + 7*m + 8. Let l(z) = -2*z**3 + 7*z**2 + 6*z + 7. Let b(w) = -4*l(w) + 3*t(w). Determine b(-3).
-4
Suppose 3*n = -3*t + 2*t - 5, -5*t = -3*n - 11. Let l(v) = -v**2 + v. Determine l(n).
-6
Let w(g) = -g**3 + 6*g**2 - 5*g + 2. Let o be (-10)/8*(-32)/8. What is w(o)?
2
Let l(f) be the first derivative of f**4/4 + 8*f**3/3 + 6*f + 60. Give l(-8).
6
Suppose -4*o = -2*o - 4. Let n(u) be the first derivative of 1/2*u**o + u - 1. Determine n(-5).
-4
Let o(h) = -h - 8. Let t = -104 - -98. What is o(t)?
-2
Let v be (0 + -1)*5/(-1). Let n(y) = y**2 - y - 4. What is n(v)?
16
Let a(y) = y**3 + 3*y**2 + y - 1. Let b(f) = f**3 + 5*f**2 + 5*f + 2. Let g be b(-4). Let k be (g - 2)*(-3)/(-6). Calculate a(k).
1
Let c = 2 - -8. Let u = 15 - c. Suppose -a - 11 = n + 2*n, 2*a = u*n. Let p(v) = -v**2 - 7*v - 5. What is p(a)?
5
Suppose 3*o + 2*j = 6, o - 2*j = -5*j + 9. Let m(y) = -6*y**2 + o*y + 3*y**3 + 2*y + 9 - 4*y**3. Give m(-6).
-3
Let u = -8 + 13. Suppose -u*k - 3 - 2 = 0. Let r(g) be the first derivative of 3*g**2 + g - 1. Determine r(k).
-5
Let w be -7 + 4 + 3 - -15. Suppose -3*d + w = 2*d. Let t(k) = -2*k**2 + 4*k. Determine t(d).
-6
Let c(d) = d - 5. Let v(o) = o - 6. Let q be v(-6). Let p be 3/q + 2/8. What is c(p)?
-5
Let g = 2 + 1. Let x(i) = 3*i + g - 6*i - i. Determine x(4).
-13
Let u(k) be the first derivative of k**2/2 - 5*k + 11. Let t = -2 - -6. Let m be (2/t)/((-2)/20). Calculate u(m).
-10
Let g(t) = -3*t - 13. Let q be g(-6). Suppose -4*h = h - q. Let b(y) = -y**2 + 3*y - 1. Determine b(h).
1
Suppose -2*z = -0*z + 8, -2 = 5*t + 3*z. Suppose -t*l - 10 = -4*l. Let s(h) = h**3 - 6*h**2 + 5*h - 7. Give s(l).
-7
Let m(j) = j - 3. Suppose 2*g - g = 31. Suppose -2*l + u - 13 = l, 0 = -5*l - 3*u - g. Calculate m(l).
-8
Let l(y) = y**2 - 14*y - 14. Suppose -2*m - 66 = -4*n, 0 = n + 2*m + 3*m. Determine l(n).
1
Let a = 25 - 29. Suppose -4*y = -9*y. Let w(s) = 2*s + y - s - 1. What is w(a)?
-5
Let a(w) be the third derivative of -w**6/120 + w**5/12 + w**4/12 - w**3/3 + 2*w**2. Let x(h) = h**3 + 3*h**2 - 5*h + 1. Let n be x(-4). Calculate a(n).
8
Let l(g) be the second derivative of -g**5/20 + 2*g**4/3 - 5*g**3/6 - 4*g**2 - 32*g. Determine l(7).
6
Suppose -10 = -0*h - 2*h. Let a(k) = 0*k - h*k + 1 + 4*k. Give a(6).
-5
Let i(b) = 1 + 0 + 4 + 4*b - 3. What is i(3)?
14
Let d(k) be the first derivative of 2*k**3/3 - 3*k**2/2 - 3*k + 10. Determine d(3).
6
Let r(b) be the third derivative of -b**5/60 + 7*b**4/24 - 4*b**3/3 - 4*b**2. Give r(6).
-2
Let w(q) = -q**2 + 6*q + 9. Let j be w(7). Suppose 1 = -j*l + l. Let k(n) = -8*n**3 - n**2 - 2*n - 1. Calculate k(l).
8
Suppose -5*l - 25 = 0, b + 3*b - 36 = 4*l. Let f = 2 + 0. Let c(y) = 3 - f + y + 1. What is c(b)?
6
Let h(g) be the second derivative of g**4/6 - g**2 + g. Let v(n) = n + 3. Let u be v(0). Suppose -2*c = -u*j + 19, c = -3*c - j - 3. Calculate h(c).
6
Let p(t) = -t**2 + 1. Let a(l) = 5*l**2 - 5*l - 5. Let b(i) = a(i) + 6*p(i). Let h be b(-4). Let d(m) = m**2 - 3*m - 5. What is d(h)?
5
Let n(b) = b**3 + 6*b**2 - 6*b - 6. Let x(i) be the first derivative of i**3/3 - i**2/2 - i - 5. Let s(y) = n(y) - 6*x(y). Determine s(1).
1
Let l(z) be the first derivative of -1/6*z**3 + 0*z - 1/24*z**4 + z**2 + 1. Let y(b) be the second derivative of l(b). What is y(2)?
-3
Let m(d) = -d. Let q(s) = 7*s - 3. Let l(a) = -6*m(a) - q(a)